 What is the hundreds digit of j?
1
Suppose -9*m + 1902 = -1392. What is the hundreds digit of m?
3
Let t be -11*(1 + -131) + -2. What is the tens digit of t/132 - 2/(-11)?
1
Let s(p) = -10*p**2 - 205 + 11*p**2 + 19*p - 8*p + 497. What is the tens digit of s(0)?
9
Let s(f) = 4*f - 47. Let k(l) = -6*l + 71. Let h(o) = -5*k(o) - 8*s(o). Let c(n) = -n**3 - 6*n**2 - 4*n. Let r be c(-4). What is the tens digit of h(r)?
5
Let x(u) = 9*u**3 - 5*u**2 + 7*u - 2. What is the units digit of x(5)?
3
Let h(n) = -679*n + 29. What is the tens digit of h(-1)?
0
Let o(y) = -6*y. Let w be o(-1). What is the tens digit of (1012/w)/(30/45)?
5
Let x(m) be the third derivative of m**5/30 + m**4/6 - m**3/6 - 15*m**2. What is the units digit of x(-6)?
7
Suppose -i + 0*i = -2*s - 3, 39 = 5*i + 2*s. Let n = -20 - -18. Let r = i + n. What is the units digit of r?
5
Let d be (54/45)/((18/(-3580))/(-3)). Suppose -d = 10*l - 2356. What is the tens digit of l?
6
Let k = -969 - -1736. What is the units digit of k?
7
Let t = 1408 + 2495. What is the tens digit of t?
0
Let i be 30/4*6280/50. Suppose -p - i = -7*p. What is the tens digit of p?
5
Let r(v) = -32*v + 30. What is the units digit of r(-4)?
8
Suppose -3*g + 9 = 0, g + g - 6 = -s. Suppose 3*w - 13*w + 550 = s. What is the tens digit of w?
5
Let x be (-1 + 16)/(12/(-12)). What is the units digit of 200/x*(-90)/25?
8
Let l be -353 - 6/(4*2/(-4)). Let u = -190 - l. What is the hundreds digit of u?
1
Let r = -154 + 160. Suppose 2*f - f + x = 8, -15 = -5*x. Suppose f*l - 130 = -3*d, l - r = 2*d + 7. What is the units digit of l?
3
Let u(y) = -378*y + 11. Let b be u(-2). Suppose -10*w + 483 = -b. What is the hundreds digit of w?
1
Suppose -2*h = h. Suppose h = -3*a + 4*a - 47. What is the tens digit of a?
4
Suppose 0 = 2*m + 2*g + 24, -24 = 2*m - 6*g + 2*g. Let b be 39*(20/m - -2). Let i = b - -16. What is the tens digit of i?
2
Suppose -4*n + 647 = -853. Suppose -8*q + n + 737 = 0. What is the hundreds digit of q?
1
Let m(x) = 64*x**2 - 5*x - 9. What is the hundreds digit of m(-3)?
5
Suppose 3*i + 3 = 0, -2*y - 4*i - 4 = -5*y. Suppose y = 8*z - z - 595. What is the tens digit of z?
8
Suppose 4*r = 4*m - 72, -4*r = 4*m + 50 - 2. Let v = r - -14. Let w = 6 + v. What is the units digit of w?
5
Let n = 19 - 21. Let p be n/((-3)/(-246)*-4). What is the units digit of p + (-1)/1*3?
8
Suppose 5*i + 23 = -q - 0, 0 = 3*q - 4*i - 26. Suppose -q*p + 3*y - 46 = -180, 2*p - 4*y - 138 = 0. What is the tens digit of p?
6
Suppose 35 - 1565 = -10*g. Suppose 111 + g = 6*r. What is the units digit of r?
4
Suppose 2155 + 1973 = 16*a. What is the tens digit of a?
5
Let u(j) = -j**2 - 38*j + 44. Let m be u(-19). Suppose 3*f - 213 = 3*s + 195, 3*f = 4*s + m. What is the units digit of f?
9
Suppose r + 2*r - 57 = 0. Let l = r - 11. Let g = l + -6. What is the units digit of g?
2
Let n(j) = -15*j - 106. What is the tens digit of n(-8)?
1
Let t(x) = 12*x**2 - 9*x + 4. What is the tens digit of t(6)?
8
Suppose -2*m + 206 = -772. What is the hundreds digit of m?
4
Let t(p) be the second derivative of p**5/12 - p**4/8 - p**3/2 - 3*p**2 + 7*p. Let d(n) be the first derivative of t(n). What is the units digit of d(3)?
3
Suppose 4*j + 0*j + 7 = v, -2*v + 11 = -5*j. Let q(d) = -1 + 16*d - d**2 + v + 3. What is the tens digit of q(13)?
4
Suppose -5*n - 3*t + 104 = 0, 2*n = 3*t + 44 + 6. Let f = 26 - n. Suppose -14 + 122 = f*g. What is the units digit of g?
7
Let j = 13 - 8. Let n = j - 1. Suppose -5*p - 67 = -n*v, 4*v + 5*p - 87 = 6*p. What is the units digit of v?
3
Let k(h) = 23 - 43 + 4*h**2 + 14 - 3*h + 0*h. What is the tens digit of k(-8)?
7
What is the units digit of -1*-502*(-3)/(-6)*8?
8
Let v(j) = 2*j**2 - 2*j + 2. Let h be v(1). Suppose 2*u - 47 = -5*l, 4*u = h*l - 0*l + 130. What is the units digit of u?
1
Let v be 15 - 17 - 1*2. Let c be 172 - 0/(0 + v). Suppose -4*l + c = 4*a, 3*a - 6*a - 5*l = -139. What is the units digit of a?
8
Let k(q) = -5*q + 43. Let g be k(9). What is the hundreds digit of -12 + 9 + (-426)/g?
2
Suppose 3*c - 24 = 5*c - 4*v, 3*c + v = -64. Let n = c - -14. What is the tens digit of (-8)/12 - 64/n?
1
Let a(w) be the second derivative of -w**5/20 - w**4/6 + w**3 - 3*w**2/2 + 36*w. What is the tens digit of a(-5)?
4
Let z be (-8)/(-12) + -2 + 322/(-6). Let x = 136 + z. What is the units digit of x?
1
Suppose -73*q = -0*q - 77599. What is the hundreds digit of q?
0
Let r(m) = m**3 - m**2 - 3*m + 6. Let v be r(4). Suppose 2*q - 4*q + v = 0. What is the units digit of q?
1
Let p = 285 + -151. What is the units digit of p?
4
Suppose 96*j - 155*j = -37347. What is the hundreds digit of j?
6
Suppose -4*d + o + 8 = 83, 0 = -5*d + o - 94. Let m = 26 + d. What is the units digit of m?
7
Let l = -2720 - -7847. What is the tens digit of l?
2
Suppose d + 2 = -0*d, 60 = 2*u - 3*d. Suppose r - 7 = u. What is the tens digit of r?
3
Suppose -14*a + 80 = -9*a. Let p = a + -4. What is the tens digit of (-26)/p*-2*3?
1
What is the hundreds digit of (-18045)/30*(0 + -2)?
2
Suppose 0 = -4*u + 640 + 1304. What is the hundreds digit of u?
4
Suppose -31*o = -24*o - 12985. What is the units digit of o?
5
Let o(s) = 2*s**3 - 9*s**2 - 18*s + 27. What is the tens digit of o(8)?
3
Let x be (-2)/(-3)*(-4 + -2). What is the tens digit of 24*(x + 44/8)?
3
Let b = -1 - -3. Suppose -d = b*d - 405. Suppose d = 5*i - 4*j, i + 0*i = -4*j + 3. What is the tens digit of i?
2
Let f = 62 - 55. Let k(d) = 3 + 2*d - d**2 + 7*d + 2. What is the units digit of k(f)?
9
Let f = 2732 - 1376. What is the units digit of f?
6
Let g be (16/10)/((-5)/(-50)). What is the tens digit of 6*g*3/6?
4
Suppose 55*q - 6096 = 49*q. What is the hundreds digit of q?
0
Let o(j) = j**3 + 5*j**2 - 11*j - 28. Let m be o(-6). Suppose -m - 82 = -4*s. What is the tens digit of s?
2
Suppose 5*t + 135 = 4*p, -2*p + 2*t = -4*p + 72. Suppose -p = -4*q - 3*y + 4*y, 2*q - 3*y = 15. What is the units digit of q?
9
Suppose 4*y = 2*s + 2674, -5*y - 11*s = -12*s - 3335. What is the hundreds digit of y?
6
Suppose 5*g - 12282 = -4*w, -312 = 5*w + 3*g - 15658. What is the thousands digit of w?
3
Let j(n) = 7*n**2 + 7*n + 4. Let q be j(4). Suppose -4*a = -6*a + q. What is the units digit of a?
2
Suppose -3551 = -5*l - 2*a + 974, -4*a = -4*l + 3592. What is the hundreds digit of l?
9
Let w be ((-232)/20)/((-12)/30). Suppose 1 = -2*s + w. What is the tens digit of s?
1
What is the hundreds digit of ((-2856)/15)/((-7)/70)?
9
Suppose -2*c + 5*i + 930 = 0, 0 = 4*c + 10*i - 5*i - 1920. What is the units digit of c?
5
Let z be (-165)/(-40) - (-1)/(-8) - -1262. Let l be (-3)/(-15) + 122/(-10). What is the units digit of z/21 - l/(-42)?
0
Let h = -10 - -20. Suppose q - h + 1 = 0. Suppose q + 17 = c. What is the units digit of c?
6
Suppose -2*j + 5*w - 1182 = -4*j, 5*w + 2394 = 4*j. Suppose -87*t = -91*t + j. What is the units digit of t?
9
Suppose 26 = 5*h + g, -4*h + 21 + 7 = -g. Suppose -h*n + 99 = -5*n. What is the units digit of n?
9
Let p(j) = 2*j**3 - 14*j**2 - 6*j + 42. What is the tens digit of p(12)?
1
Suppose 82 = 8*g - 446. What is the units digit of g?
6
Suppose 22764 - 4400 = 4*y. What is the units digit of y?
1
Let i = -38 + 70. Suppose 3 = -r - 4*q - 3, 0 = -2*q + 4. Let x = r + i. What is the units digit of x?
8
Suppose 19 = 3*f + 5*b, -6 + 4 = 2*b. Suppose -59 = -f*w + 285. What is the tens digit of w?
4
Let m(r) = -1491*r + 59. What is the hundreds digit of m(-1)?
5
Suppose 5*k - 93 = 2*z, -k - z = -12 - 8. Suppose -17*h = -k*h + 158. What is the units digit of h?
9
Let c = 774 - 332. What is the tens digit of c?
4
Suppose 17*d + 2*x - 10539 = 12*d, 3*d - 4*x - 6313 = 0. What is the thousands digit of d?
2
Let a be (4/(-4))/(-3)*12. What is the tens digit of 351/a - 12/(-48)?
8
Suppose -2*b = -0*b - 218. Let k = -172 - -98. Let u = k + b. What is the units digit of u?
5
Let w(o) = -155*o - 27. What is the units digit of w(-5)?
8
Let t = 17 + -17. Suppose t = 3*l - 2*b - 211, -21 = -5*l + b + 333. What is the tens digit of l?
7
Suppose 4*i = 9*i + 215. Let z = 12 - i. What is the tens digit of z?
5
Let f = -274 + 1409. What is the thousands digit of f?
1
Suppose -10*h - l = -9*h - 4091, -h + 5*l = -4079. What is the units digit of h?
9
Let g(c) = 13*c**2 - 55*c + 8. What is the tens digit of g(